{"id":52,"date":"2021-09-02T16:32:05","date_gmt":"2021-09-02T16:32:05","guid":{"rendered":"https:\/\/deltaseguridadcia.com\/?page_id=52"},"modified":"2022-11-09T20:50:25","modified_gmt":"2022-11-09T20:50:25","slug":"portofolio","status":"publish","type":"page","link":"https:\/\/deltaseguridadcia.com\/index.php\/portofolio\/","title":{"rendered":"Servicios"},"content":{"rendered":"\n<div class=\"wp-block-cover alignfull has-nv-site-bg-background-color has-background-dim\" style=\"min-height:458px\"><img loading=\"lazy\" width=\"1000\" height=\"573\" class=\"wp-block-cover__image-background wp-image-258\" alt=\"\" src=\"https:\/\/deltaseguridadcia.com\/wp-content\/uploads\/2021\/09\/portada-servicios.jpg\" style=\"object-position:52% 20%\" data-object-fit=\"cover\" data-object-position=\"52% 20%\" srcset=\"https:\/\/deltaseguridadcia.com\/wp-content\/uploads\/2021\/09\/portada-servicios.jpg 1000w, https:\/\/deltaseguridadcia.com\/wp-content\/uploads\/2021\/09\/portada-servicios-300x172.jpg 300w, https:\/\/deltaseguridadcia.com\/wp-content\/uploads\/2021\/09\/portada-servicios-768x440.jpg 768w\" sizes=\"(max-width: 1000px) 100vw, 1000px\" \/><div class=\"wp-block-cover__inner-container\">\n<p class=\"has-text-align-center has-large-font-size\"><\/p>\n<\/div><\/div>\n\n\n\n<h2 class=\"has-text-align-center has-neve-text-color-color has-text-color\">Servicios<\/h2>\n\n\n\n<div class=\"wp-block-cover alignfull has-nv-site-bg-background-color has-background-dim\" style=\"min-height:1100px\"><div class=\"wp-block-cover__inner-container\">\n<div class=\"wp-block-group\"><div class=\"wp-block-group__inner-container\">\n<figure class=\"wp-block-pullquote\"><blockquote><p><strong><em><span class=\"has-inline-color has-neve-link-color-color\">\u00abMantenemos un Plan de Operaciones eficiente que nos permite controlar puntos estrat\u00e9gicos a nivel nacional con personal operativo profesional para la vigilancia y control de los puestos de seguridad apoyados por los recursos log\u00edsticos de la empresa con el fin de ofrecer un servicio de eficiente y de calidad\u00bb<\/span><\/em><\/strong><\/p><\/blockquote><\/figure>\n\n\n\n<div style=\"height:50px\" aria-hidden=\"true\" class=\"wp-block-spacer\"><\/div>\n\n\n\n<div class=\"wp-block-columns\">\n<div class=\"wp-block-column\" style=\"flex-basis:100%\">\n<div class=\"wp-block-columns are-vertically-aligned-center\">\n<div class=\"wp-block-column is-vertically-aligned-center\" style=\"flex-basis:50%\">\n<figure class=\"wp-block-image size-full is-resized\"><img loading=\"lazy\" src=\"https:\/\/deltaseguridadcia.com\/wp-content\/uploads\/2021\/09\/apunta.jpg\" alt=\"\" class=\"wp-image-262\" width=\"566\" height=\"566\" srcset=\"https:\/\/deltaseguridadcia.com\/wp-content\/uploads\/2021\/09\/apunta.jpg 600w, https:\/\/deltaseguridadcia.com\/wp-content\/uploads\/2021\/09\/apunta-300x300.jpg 300w, https:\/\/deltaseguridadcia.com\/wp-content\/uploads\/2021\/09\/apunta-150x150.jpg 150w\" sizes=\"(max-width: 566px) 100vw, 566px\" \/><\/figure>\n\n\n\n<h3 class=\"has-text-align-center has-neve-text-color-color has-text-color\">Seguridad F\u00edsica<\/h3>\n\n\n\n<p class=\"has-text-align-center has-neve-text-color-color has-text-color\">Puestos de seguridad f\u00edsica cubierto con personal altamente capacitado, armado, equipado, y supervisado.<\/p>\n\n\n\n<div class=\"wp-block-buttons is-content-justification-center\">\n<div class=\"wp-block-button is-style-primary\"><a class=\"wp-block-button__link\" href=\"\/\/deltaseguridadcia.com\/?pagename=contact\" target=\"_blank\" rel=\"noreferrer noopener\">CONT\u00c1CTANOS<\/a><\/div>\n<\/div>\n<\/div>\n\n\n\n<div class=\"wp-block-column is-vertically-aligned-center\" style=\"flex-basis:50%\">\n<div class=\"wp-block-image\"><figure class=\"aligncenter size-full\"><img loading=\"lazy\" width=\"600\" height=\"600\" src=\"https:\/\/deltaseguridadcia.com\/wp-content\/uploads\/2021\/09\/monitoreo.jpg\" alt=\"\" class=\"wp-image-264\" srcset=\"https:\/\/deltaseguridadcia.com\/wp-content\/uploads\/2021\/09\/monitoreo.jpg 600w, https:\/\/deltaseguridadcia.com\/wp-content\/uploads\/2021\/09\/monitoreo-300x300.jpg 300w, https:\/\/deltaseguridadcia.com\/wp-content\/uploads\/2021\/09\/monitoreo-150x150.jpg 150w\" sizes=\"(max-width: 600px) 100vw, 600px\" \/><\/figure><\/div>\n\n\n\n<h3 class=\"has-text-align-center has-neve-text-color-color has-text-color\">Seguridad Electr\u00f3nica<\/h3>\n\n\n\n<p class=\"has-text-align-center has-neve-text-color-color has-text-color\">Servicio de monitoreo electr\u00f3nico e instalaciones de c\u00e1maras de vigilancia, sensores de movimiento y cercas el\u00e9ctricas.<\/p>\n\n\n\n<div class=\"wp-block-buttons is-content-justification-center\">\n<div class=\"wp-block-button is-style-primary\"><a class=\"wp-block-button__link\" href=\"\/\/deltaseguridadcia.com\/?pagename=contact\" target=\"_blank\" rel=\"noreferrer noopener\">CONT\u00c1CTANOS<\/a><\/div>\n<\/div>\n<\/div>\n<\/div>\n<\/div>\n<\/div>\n<\/div><\/div>\n\n\n\n<p><\/p>\n<\/div><\/div>\n\n\n\n<div class=\"wp-block-cover alignfull has-nv-site-bg-background-color has-background-dim\" style=\"min-height:1800px\"><div class=\"wp-block-cover__inner-container\">\n<div class=\"wp-block-group\"><div class=\"wp-block-group__inner-container\">\n<div class=\"wp-block-columns are-vertically-aligned-center\">\n<div class=\"wp-block-column is-vertically-aligned-center\" style=\"flex-basis:50%\">\n<figure class=\"wp-block-image size-full\"><img loading=\"lazy\" width=\"600\" height=\"600\" src=\"https:\/\/deltaseguridadcia.com\/wp-content\/uploads\/2021\/09\/vip.jpg\" alt=\"\" class=\"wp-image-265\" srcset=\"https:\/\/deltaseguridadcia.com\/wp-content\/uploads\/2021\/09\/vip.jpg 600w, https:\/\/deltaseguridadcia.com\/wp-content\/uploads\/2021\/09\/vip-300x300.jpg 300w, https:\/\/deltaseguridadcia.com\/wp-content\/uploads\/2021\/09\/vip-150x150.jpg 150w\" sizes=\"(max-width: 600px) 100vw, 600px\" \/><\/figure>\n\n\n\n<h3 class=\"has-text-align-center has-neve-text-color-color has-text-color\">Protecci\u00f3n VIP<\/h3>\n\n\n\n<p class=\"has-text-align-center has-neve-text-color-color has-text-color\">Servicio de protecci\u00f3n y custodia para personal ejecutivo y de alto nivel de importancia.<\/p>\n\n\n\n<div class=\"wp-block-buttons is-content-justification-center\">\n<div class=\"wp-block-button is-style-primary\"><a class=\"wp-block-button__link\" href=\"\/\/deltaseguridadcia.com\/?pagename=contact\" target=\"_blank\" rel=\"noreferrer noopener\">CONT\u00c1CTANOS<\/a><\/div>\n<\/div>\n\n\n\n<div style=\"height:40px\" aria-hidden=\"true\" class=\"wp-block-spacer\"><\/div>\n<\/div>\n\n\n\n<div class=\"wp-block-column is-vertically-aligned-center\" style=\"flex-basis:50%\">\n<figure class=\"wp-block-image size-full\"><img loading=\"lazy\" width=\"600\" height=\"600\" src=\"https:\/\/deltaseguridadcia.com\/wp-content\/uploads\/2021\/09\/reaccion.jpg\" alt=\"\" class=\"wp-image-266\" srcset=\"https:\/\/deltaseguridadcia.com\/wp-content\/uploads\/2021\/09\/reaccion.jpg 600w, https:\/\/deltaseguridadcia.com\/wp-content\/uploads\/2021\/09\/reaccion-300x300.jpg 300w, https:\/\/deltaseguridadcia.com\/wp-content\/uploads\/2021\/09\/reaccion-150x150.jpg 150w\" sizes=\"(max-width: 600px) 100vw, 600px\" \/><\/figure>\n\n\n\n<h3 class=\"has-text-align-center has-neve-text-color-color has-text-color\">Equipo de Custodia y Reacci\u00f3n Inmediata<\/h3>\n\n\n\n<p class=\"has-text-align-center has-neve-text-color-color has-text-color\">Servicio de custodia de veh\u00edculos particulares y de carga. Reacci\u00f3n inmediata en caso de emergencias.<\/p>\n\n\n\n<div class=\"wp-block-buttons is-content-justification-center\">\n<div class=\"wp-block-button is-style-primary\"><a class=\"wp-block-button__link\" href=\"\/\/deltaseguridadcia.com\/?pagename=contact\" target=\"_blank\" rel=\"noreferrer noopener\">CONT\u00c1CTANOS<\/a><\/div>\n<\/div>\n\n\n\n<div style=\"height:40px\" aria-hidden=\"true\" class=\"wp-block-spacer\"><\/div>\n<\/div>\n<\/div>\n\n\n\n<div class=\"wp-block-columns\">\n<div class=\"wp-block-column\">\n<figure class=\"wp-block-image size-full\"><img loading=\"lazy\" width=\"600\" height=\"600\" src=\"https:\/\/deltaseguridadcia.com\/wp-content\/uploads\/2021\/09\/can-1.jpg\" alt=\"\" class=\"wp-image-288\" srcset=\"https:\/\/deltaseguridadcia.com\/wp-content\/uploads\/2021\/09\/can-1.jpg 600w, https:\/\/deltaseguridadcia.com\/wp-content\/uploads\/2021\/09\/can-1-300x300.jpg 300w, https:\/\/deltaseguridadcia.com\/wp-content\/uploads\/2021\/09\/can-1-150x150.jpg 150w\" sizes=\"(max-width: 600px) 100vw, 600px\" \/><\/figure>\n\n\n\n<h3 class=\"has-text-align-center\"><span class=\"has-inline-color has-neve-link-color-color\">Seguridad Canina<\/span><\/h3>\n\n\n\n<p class=\"has-text-align-center\"><span class=\"has-inline-color has-neve-link-color-color\">Servicio de seguridad f\u00edsica con apoyo canino para instalaciones <\/span>como campamentos, fincas y otras de campo abierto.<\/p>\n\n\n\n<div class=\"wp-block-buttons is-content-justification-center\">\n<div class=\"wp-block-button is-style-primary\"><a class=\"wp-block-button__link\" href=\"https:\/\/deltaseguridadcia.com\/?pagename=contact\" target=\"_blank\" rel=\"noreferrer noopener\">CONT\u00c1CTANOS<\/a><\/div>\n<\/div>\n<\/div>\n\n\n\n<div class=\"wp-block-column\">\n<figure class=\"wp-block-image size-full\"><img loading=\"lazy\" width=\"600\" height=\"600\" src=\"https:\/\/deltaseguridadcia.com\/wp-content\/uploads\/2021\/09\/motorizado.jpg\" alt=\"\" class=\"wp-image-289\" srcset=\"https:\/\/deltaseguridadcia.com\/wp-content\/uploads\/2021\/09\/motorizado.jpg 600w, https:\/\/deltaseguridadcia.com\/wp-content\/uploads\/2021\/09\/motorizado-300x300.jpg 300w, https:\/\/deltaseguridadcia.com\/wp-content\/uploads\/2021\/09\/motorizado-150x150.jpg 150w\" sizes=\"(max-width: 600px) 100vw, 600px\" \/><\/figure>\n\n\n\n<h3 class=\"has-text-align-center\"><span class=\"has-inline-color has-neve-link-color-color\">Motorizado<\/span><\/h3>\n\n\n\n<p class=\"has-text-align-center\"><span class=\"has-inline-color has-neve-link-color-color\">Servicio de puesto de seguridad motorizado, ideal para rondas de vigilancia en grandes instalaciones<\/span>.<\/p>\n\n\n\n<div class=\"wp-block-buttons is-content-justification-center\">\n<div class=\"wp-block-button is-style-primary\"><a class=\"wp-block-button__link\" href=\"https:\/\/deltaseguridadcia.com\/?pagename=contact\" target=\"_blank\" rel=\"noreferrer noopener\">CONT\u00c1CTANOS<\/a><\/div>\n<\/div>\n<\/div>\n<\/div>\n<\/div><\/div>\n<\/div><\/div>\n\n\n\n<div class=\"wp-block-cover alignfull has-nv-dark-bg-background-color has-background-dim\" style=\"min-height:300px\"><div class=\"wp-block-cover__inner-container\">\n<div style=\"height:25px\" aria-hidden=\"true\" class=\"wp-block-spacer\"><\/div>\n\n\n\n<div class=\"wp-block-image is-style-default\"><figure class=\"aligncenter size-full is-resized\"><img loading=\"lazy\" src=\"https:\/\/deltaseguridadcia.com\/wp-content\/uploads\/2021\/09\/LOGO-DELTA-JPG-TARJETA.jpg\" alt=\"\" class=\"wp-image-272\" width=\"213\" height=\"200\" srcset=\"https:\/\/deltaseguridadcia.com\/wp-content\/uploads\/2021\/09\/LOGO-DELTA-JPG-TARJETA.jpg 850w, https:\/\/deltaseguridadcia.com\/wp-content\/uploads\/2021\/09\/LOGO-DELTA-JPG-TARJETA-300x282.jpg 300w, https:\/\/deltaseguridadcia.com\/wp-content\/uploads\/2021\/09\/LOGO-DELTA-JPG-TARJETA-768x723.jpg 768w\" sizes=\"(max-width: 213px) 100vw, 213px\" \/><\/figure><\/div>\n\n\n\n<ul class=\"wp-block-social-links aligncenter has-icon-color has-icon-background-color\"><li style=\"color: #ffffff; background-color: #3962e3; \" class=\"wp-social-link wp-social-link-facebook wp-block-social-link\"><a href=\"https:\/\/www.facebook.com\/LtdaDelta\" aria-label=\"https:\/\/www.facebook.com\/LtdaDelta\"  class=\"wp-block-social-link-anchor\"> <svg width=\"24\" height=\"24\" viewBox=\"0 0 24 24\" version=\"1.1\" xmlns=\"http:\/\/www.w3.org\/2000\/svg\" role=\"img\" aria-hidden=\"true\" focusable=\"false\"><path d=\"M12 2C6.5 2 2 6.5 2 12c0 5 3.7 9.1 8.4 9.9v-7H7.9V12h2.5V9.8c0-2.5 1.5-3.9 3.8-3.9 1.1 0 2.2.2 2.2.2v2.5h-1.3c-1.2 0-1.6.8-1.6 1.6V12h2.8l-.4 2.9h-2.3v7C18.3 21.1 22 17 22 12c0-5.5-4.5-10-10-10z\"><\/path><\/svg><\/a><\/li>\n\n<li style=\"color: #ffffff; background-color: #3962e3; \" class=\"wp-social-link wp-social-link-twitter wp-block-social-link\"><a href=\"https:\/\/twitter.com\/deltacialtda\" aria-label=\"https:\/\/twitter.com\/deltacialtda\"  class=\"wp-block-social-link-anchor\"> <svg width=\"24\" height=\"24\" viewBox=\"0 0 24 24\" version=\"1.1\" xmlns=\"http:\/\/www.w3.org\/2000\/svg\" role=\"img\" aria-hidden=\"true\" focusable=\"false\"><path d=\"M22.23,5.924c-0.736,0.326-1.527,0.547-2.357,0.646c0.847-0.508,1.498-1.312,1.804-2.27 c-0.793,0.47-1.671,0.812-2.606,0.996C18.324,4.498,17.257,4,16.077,4c-2.266,0-4.103,1.837-4.103,4.103 c0,0.322,0.036,0.635,0.106,0.935C8.67,8.867,5.647,7.234,3.623,4.751C3.27,5.357,3.067,6.062,3.067,6.814 c0,1.424,0.724,2.679,1.825,3.415c-0.673-0.021-1.305-0.206-1.859-0.513c0,0.017,0,0.034,0,0.052c0,1.988,1.414,3.647,3.292,4.023 c-0.344,0.094-0.707,0.144-1.081,0.144c-0.264,0-0.521-0.026-0.772-0.074c0.522,1.63,2.038,2.816,3.833,2.85 c-1.404,1.1-3.174,1.756-5.096,1.756c-0.331,0-0.658-0.019-0.979-0.057c1.816,1.164,3.973,1.843,6.29,1.843 c7.547,0,11.675-6.252,11.675-11.675c0-0.178-0.004-0.355-0.012-0.531C20.985,7.47,21.68,6.747,22.23,5.924z\"><\/path><\/svg><\/a><\/li><\/ul>\n\n\n\n<div style=\"height:20px\" aria-hidden=\"true\" class=\"wp-block-spacer\"><\/div>\n\n\n\n<p class=\"has-text-align-center has-nv-text-dark-bg-color has-text-color\">\u201cLa calidad en un producto o servicio no es lo que tu le pones, sino lo que obtiene el cliente\u201d<\/p>\n\n\n\n<p class=\"has-text-align-center has-nv-text-dark-bg-color has-text-color\" style=\"font-size:14px\">Peter Drucker<\/p>\n<\/div><\/div>\n","protected":false},"excerpt":{"rendered":"<p>Servicios<\/p>\n","protected":false},"author":1,"featured_media":0,"parent":0,"menu_order":0,"comment_status":"closed","ping_status":"closed","template":"","meta":{"om_disable_all_campaigns":false,"_mi_skip_tracking":false,"_monsterinsights_sitenote_active":false,"_monsterinsights_sitenote_note":"","_monsterinsights_sitenote_category":0,"neve_meta_sidebar":"","neve_meta_container":"","neve_meta_enable_content_width":"on","neve_meta_content_width":100,"neve_meta_title_alignment":"","neve_meta_author_avatar":"","neve_post_elements_order":"","neve_meta_disable_header":"","neve_meta_disable_footer":"","neve_meta_disable_title":"on"},"aioseo_notices":[],"_links":{"self":[{"href":"https:\/\/deltaseguridadcia.com\/index.php\/wp-json\/wp\/v2\/pages\/52"}],"collection":[{"href":"https:\/\/deltaseguridadcia.com\/index.php\/wp-json\/wp\/v2\/pages"}],"about":[{"href":"https:\/\/deltaseguridadcia.com\/index.php\/wp-json\/wp\/v2\/types\/page"}],"author":[{"embeddable":true,"href":"https:\/\/deltaseguridadcia.com\/index.php\/wp-json\/wp\/v2\/users\/1"}],"replies":[{"embeddable":true,"href":"https:\/\/deltaseguridadcia.com\/index.php\/wp-json\/wp\/v2\/comments?post=52"}],"version-history":[{"count":55,"href":"https:\/\/deltaseguridadcia.com\/index.php\/wp-json\/wp\/v2\/pages\/52\/revisions"}],"predecessor-version":[{"id":478,"href":"https:\/\/deltaseguridadcia.com\/index.php\/wp-json\/wp\/v2\/pages\/52\/revisions\/478"}],"wp:attachment":[{"href":"https:\/\/deltaseguridadcia.com\/index.php\/wp-json\/wp\/v2\/media?parent=52"}],"curies":[{"name":"wp","href":"https:\/\/api.w.org\/{rel}","templated":true}]}}